{"id":8886,"date":"2018-02-11T14:33:41","date_gmt":"2018-02-11T14:33:41","guid":{"rendered":"http:\/\/www.gs-brotterode.de\/?page_id=8886"},"modified":"2021-10-10T17:39:48","modified_gmt":"2021-10-10T17:39:48","slug":"leitbild","status":"publish","type":"page","link":"https:\/\/www.gs-brotterode.de\/?page_id=8886","title":{"rendered":"Leitbild"},"content":{"rendered":"<p><span class=\"style13\"><strong>Leitbild der KNEIPPSCHULE Brotterode<\/strong><\/span><\/p>\n<p>Leben und Lernen nach Kneippschen Ideen<br \/>\n<span class=\"style15\"><strong>\u201eIn einem gesunden K\u00f6rper wohnt ein gesunder Geist<\/strong>\u201c <\/span><\/p>\n<p>Unsere Schule bietet einen lebensnahen, praxis- und handlungsorientierten Unterricht an.<\/p>\n<p>Dieser ist charakterisiert durch:<br \/>\n&#8211; Methodenvielfalt<br \/>\n&#8211; f\u00e4cher\u00fcbergreifendes Lernen<br \/>\n&#8211; differenziertes Arbeiten<br \/>\n&#8211; Umgang mit vielf\u00e4ltigen Medien<\/p>\n<p>Schwerpunkt unserer Erziehungsarbeit ist die Vermittlung von Werten und Grundtugenden wie:<\/p>\n<p>&#8211; Toleranz<br \/>\n&#8211; Solidarit\u00e4t<br \/>\n&#8211; Ordnung und Disziplin<br \/>\n&#8211; Leistungsbereitschaft<\/p>\n<p>Die Grundschule Brotterode arbeitet eng mit allen Kindern, Eltern und der \u00d6ffentlichkeit zusammen:<\/p>\n<p>&#8211; Schulf\u00f6rderverein<br \/>\n&#8211; Regelm\u00e4\u00dfige Elternsprecherberatungen, Elternstammtische, Elternversammlungen<br \/>\n&#8211; Einbeziehung und regelm\u00e4\u00dfige Kontakte \u00f6rtlicher Vereine und \u00fcberregionaler Institutionen in die Arbeit der Schule<\/p>\n<p>Bei all unseren Aktivit\u00e4ten steht das Kind im Mittelpunkt.<br \/>\nDie f\u00fcnf S\u00e4ulen von Kneipp sind Grundlage f\u00fcr alle Unternehmungen im Schuljahr.<\/p>\n","protected":false},"excerpt":{"rendered":"<p>Leitbild der KNEIPPSCHULE Brotterode Leben und Lernen nach Kneippschen Ideen \u201eIn einem gesunden K\u00f6rper wohnt ein gesunder Geist\u201c Unsere Schule bietet einen lebensnahen, praxis- und handlungsorientierten Unterricht an. Dieser ist charakterisiert durch: &#8211; Methodenvielfalt &#8211; f\u00e4cher\u00fcbergreifendes Lernen &#8211; differenziertes Arbeiten &#8211; Umgang mit vielf\u00e4ltigen Medien Schwerpunkt unserer Erziehungsarbeit ist die Vermittlung von Werten und Grundtugenden [&hellip;]<\/p>\n","protected":false},"author":3,"featured_media":0,"parent":8851,"menu_order":1,"comment_status":"closed","ping_status":"closed","template":"","meta":{"footnotes":""},"yoast_head":"<!-- This site is optimized with the Yoast SEO plugin v18.3 - https:\/\/yoast.com\/wordpress\/plugins\/seo\/ -->\n<title>Leitbild - Grundschule Brotterode<\/title>\n<meta name=\"robots\" content=\"index, follow, max-snippet:-1, max-image-preview:large, max-video-preview:-1\" \/>\n<link rel=\"canonical\" href=\"https:\/\/www.gs-brotterode.de\/?page_id=8886\" \/>\n<meta property=\"og:locale\" content=\"de_DE\" \/>\n<meta property=\"og:type\" content=\"article\" \/>\n<meta property=\"og:title\" content=\"Leitbild - Grundschule Brotterode\" \/>\n<meta property=\"og:description\" content=\"Leitbild der KNEIPPSCHULE Brotterode Leben und Lernen nach Kneippschen Ideen \u201eIn einem gesunden K\u00f6rper wohnt ein gesunder Geist\u201c Unsere Schule bietet einen lebensnahen, praxis- und handlungsorientierten Unterricht an. Dieser ist charakterisiert durch: &#8211; Methodenvielfalt &#8211; f\u00e4cher\u00fcbergreifendes Lernen &#8211; differenziertes Arbeiten &#8211; Umgang mit vielf\u00e4ltigen Medien Schwerpunkt unserer Erziehungsarbeit ist die Vermittlung von Werten und Grundtugenden [&hellip;]\" \/>\n<meta property=\"og:url\" content=\"https:\/\/www.gs-brotterode.de\/?page_id=8886\" \/>\n<meta property=\"og:site_name\" content=\"Grundschule Brotterode\" \/>\n<meta property=\"article:modified_time\" content=\"2021-10-10T17:39:48+00:00\" \/>\n<meta name=\"twitter:card\" content=\"summary\" \/>\n<meta name=\"twitter:label1\" content=\"Gesch\u00e4tzte Lesezeit\" \/>\n\t<meta name=\"twitter:data1\" content=\"1\u00a0Minute\" \/>\n<script type=\"application\/ld+json\" class=\"yoast-schema-graph\">{\"@context\":\"https:\/\/schema.org\",\"@graph\":[{\"@type\":\"WebSite\",\"@id\":\"https:\/\/www.gs-brotterode.de\/#website\",\"url\":\"https:\/\/www.gs-brotterode.de\/\",\"name\":\"Grundschule Brotterode\",\"description\":\"\",\"potentialAction\":[{\"@type\":\"SearchAction\",\"target\":{\"@type\":\"EntryPoint\",\"urlTemplate\":\"https:\/\/www.gs-brotterode.de\/?s={search_term_string}\"},\"query-input\":\"required name=search_term_string\"}],\"inLanguage\":\"de\"},{\"@type\":\"WebPage\",\"@id\":\"https:\/\/www.gs-brotterode.de\/?page_id=8886#webpage\",\"url\":\"https:\/\/www.gs-brotterode.de\/?page_id=8886\",\"name\":\"Leitbild - Grundschule Brotterode\",\"isPartOf\":{\"@id\":\"https:\/\/www.gs-brotterode.de\/#website\"},\"datePublished\":\"2018-02-11T14:33:41+00:00\",\"dateModified\":\"2021-10-10T17:39:48+00:00\",\"breadcrumb\":{\"@id\":\"https:\/\/www.gs-brotterode.de\/?page_id=8886#breadcrumb\"},\"inLanguage\":\"de\",\"potentialAction\":[{\"@type\":\"ReadAction\",\"target\":[\"https:\/\/www.gs-brotterode.de\/?page_id=8886\"]}]},{\"@type\":\"BreadcrumbList\",\"@id\":\"https:\/\/www.gs-brotterode.de\/?page_id=8886#breadcrumb\",\"itemListElement\":[{\"@type\":\"ListItem\",\"position\":1,\"name\":\"Home\",\"item\":\"https:\/\/www.gs-brotterode.de\/\"},{\"@type\":\"ListItem\",\"position\":2,\"name\":\"Unsere Schule\",\"item\":\"https:\/\/www.gs-brotterode.de\/?page_id=8851\"},{\"@type\":\"ListItem\",\"position\":3,\"name\":\"Leitbild\"}]}]}<\/script>\n<!-- \/ Yoast SEO plugin. -->","yoast_head_json":{"title":"Leitbild - Grundschule Brotterode","robots":{"index":"index","follow":"follow","max-snippet":"max-snippet:-1","max-image-preview":"max-image-preview:large","max-video-preview":"max-video-preview:-1"},"canonical":"https:\/\/www.gs-brotterode.de\/?page_id=8886","og_locale":"de_DE","og_type":"article","og_title":"Leitbild - Grundschule Brotterode","og_description":"Leitbild der KNEIPPSCHULE Brotterode Leben und Lernen nach Kneippschen Ideen \u201eIn einem gesunden K\u00f6rper wohnt ein gesunder Geist\u201c Unsere Schule bietet einen lebensnahen, praxis- und handlungsorientierten Unterricht an. Dieser ist charakterisiert durch: &#8211; Methodenvielfalt &#8211; f\u00e4cher\u00fcbergreifendes Lernen &#8211; differenziertes Arbeiten &#8211; Umgang mit vielf\u00e4ltigen Medien Schwerpunkt unserer Erziehungsarbeit ist die Vermittlung von Werten und Grundtugenden [&hellip;]","og_url":"https:\/\/www.gs-brotterode.de\/?page_id=8886","og_site_name":"Grundschule Brotterode","article_modified_time":"2021-10-10T17:39:48+00:00","twitter_card":"summary","twitter_misc":{"Gesch\u00e4tzte Lesezeit":"1\u00a0Minute"},"schema":{"@context":"https:\/\/schema.org","@graph":[{"@type":"WebSite","@id":"https:\/\/www.gs-brotterode.de\/#website","url":"https:\/\/www.gs-brotterode.de\/","name":"Grundschule Brotterode","description":"","potentialAction":[{"@type":"SearchAction","target":{"@type":"EntryPoint","urlTemplate":"https:\/\/www.gs-brotterode.de\/?s={search_term_string}"},"query-input":"required name=search_term_string"}],"inLanguage":"de"},{"@type":"WebPage","@id":"https:\/\/www.gs-brotterode.de\/?page_id=8886#webpage","url":"https:\/\/www.gs-brotterode.de\/?page_id=8886","name":"Leitbild - Grundschule Brotterode","isPartOf":{"@id":"https:\/\/www.gs-brotterode.de\/#website"},"datePublished":"2018-02-11T14:33:41+00:00","dateModified":"2021-10-10T17:39:48+00:00","breadcrumb":{"@id":"https:\/\/www.gs-brotterode.de\/?page_id=8886#breadcrumb"},"inLanguage":"de","potentialAction":[{"@type":"ReadAction","target":["https:\/\/www.gs-brotterode.de\/?page_id=8886"]}]},{"@type":"BreadcrumbList","@id":"https:\/\/www.gs-brotterode.de\/?page_id=8886#breadcrumb","itemListElement":[{"@type":"ListItem","position":1,"name":"Home","item":"https:\/\/www.gs-brotterode.de\/"},{"@type":"ListItem","position":2,"name":"Unsere Schule","item":"https:\/\/www.gs-brotterode.de\/?page_id=8851"},{"@type":"ListItem","position":3,"name":"Leitbild"}]}]}},"_links":{"self":[{"href":"https:\/\/www.gs-brotterode.de\/index.php?rest_route=\/wp\/v2\/pages\/8886"}],"collection":[{"href":"https:\/\/www.gs-brotterode.de\/index.php?rest_route=\/wp\/v2\/pages"}],"about":[{"href":"https:\/\/www.gs-brotterode.de\/index.php?rest_route=\/wp\/v2\/types\/page"}],"author":[{"embeddable":true,"href":"https:\/\/www.gs-brotterode.de\/index.php?rest_route=\/wp\/v2\/users\/3"}],"replies":[{"embeddable":true,"href":"https:\/\/www.gs-brotterode.de\/index.php?rest_route=%2Fwp%2Fv2%2Fcomments&post=8886"}],"version-history":[{"count":3,"href":"https:\/\/www.gs-brotterode.de\/index.php?rest_route=\/wp\/v2\/pages\/8886\/revisions"}],"predecessor-version":[{"id":10646,"href":"https:\/\/www.gs-brotterode.de\/index.php?rest_route=\/wp\/v2\/pages\/8886\/revisions\/10646"}],"up":[{"embeddable":true,"href":"https:\/\/www.gs-brotterode.de\/index.php?rest_route=\/wp\/v2\/pages\/8851"}],"wp:attachment":[{"href":"https:\/\/www.gs-brotterode.de\/index.php?rest_route=%2Fwp%2Fv2%2Fmedia&parent=8886"}],"curies":[{"name":"wp","href":"https:\/\/api.w.org\/{rel}","templated":true}]}}